{"id":75,"date":"2025-05-20T11:27:40","date_gmt":"2025-05-20T09:27:40","guid":{"rendered":"http:\/\/cuplife.pl\/?page_id=75"},"modified":"2025-05-23T12:51:31","modified_gmt":"2025-05-23T10:51:31","slug":"regulamin","status":"publish","type":"page","link":"https:\/\/cuplife.menoiastudio.com\/index.php\/regulamin\/","title":{"rendered":"Regulamin"},"content":{"rendered":"\t\t<div data-elementor-type=\"wp-page\" data-elementor-id=\"75\" class=\"elementor elementor-75\" data-elementor-post-type=\"page\">\n\t\t\t\t<div class=\"elementor-element elementor-element-661ed6d e-flex e-con-boxed e-con e-parent\" data-id=\"661ed6d\" data-element_type=\"container\" data-e-type=\"container\">\n\t\t\t\t\t<div class=\"e-con-inner\">\n\t\t\t\t<div class=\"elementor-element elementor-element-60c025c elementor-widget elementor-widget-text-editor\" data-id=\"60c025c\" data-element_type=\"widget\" data-e-type=\"widget\" data-widget_type=\"text-editor.default\">\n\t\t\t\t<div class=\"elementor-widget-container\">\n\t\t\t\t\t\t\t\t\t<h2 data-start=\"182\" data-end=\"226\">Regulamin \u015bwiadczenia us\u0142ug i sprzeda\u017cy<\/h2><p data-start=\"227\" data-end=\"268\"><strong data-start=\"227\" data-end=\"268\">w sklepie internetowym <a class=\"\" href=\"https:\/\/cuplife.menoiastudio.com\" target=\"_new\" rel=\"noopener\" data-start=\"252\" data-end=\"266\">www.cuplife.pl<\/a><\/strong><\/p><h3 data-start=\"270\" data-end=\"296\">I. Informacje og\u00f3lne<\/h3><p data-start=\"297\" data-end=\"882\">Niniejszy regulamin okre\u015bla zasady korzystania z serwisu <a class=\"\" href=\"https:\/\/cuplife.menoiastudio.com\" target=\"_new\" rel=\"noopener\" data-start=\"354\" data-end=\"368\">www.cuplife.pl<\/a> oraz zawierania um\u00f3w sprzeda\u017cy za po\u015brednictwem sklepu internetowego.<br data-start=\"438\" data-end=\"441\" \/>W\u0142a\u015bcicielem sklepu jest firma <strong data-start=\"472\" data-end=\"498\">CupLife Mateusz Cie\u015bla<\/strong>, z siedzib\u0105 przy <strong data-start=\"516\" data-end=\"565\">Wola Nieszkowska 116, 32-700 Wola Nieszkowska<\/strong>, NIP: <strong data-start=\"572\" data-end=\"586\">8681986809<\/strong>, e-mail: <strong data-start=\"596\" data-end=\"618\"><a class=\"cursor-pointer\" rel=\"noopener\" data-start=\"598\" data-end=\"616\">kontakt@cuplife.pl<\/a><\/strong>.<br data-start=\"619\" data-end=\"622\" \/>Klient zobowi\u0105zany jest do zapoznania si\u0119 z regulaminem przed z\u0142o\u017ceniem zam\u00f3wienia. Z\u0142o\u017cenie zam\u00f3wienia oznacza akceptacj\u0119 niniejszego regulaminu.<br data-start=\"768\" data-end=\"771\" \/>Regulamin dost\u0119pny jest nieprzerwanie na stronie Sklepu w formacie umo\u017cliwiaj\u0105cym jego zapisanie i odtworzenie.<\/p><hr data-start=\"884\" data-end=\"887\" \/><h3 data-start=\"889\" data-end=\"908\">II. Definicje<\/h3><ul data-start=\"910\" data-end=\"1486\"><li data-start=\"910\" data-end=\"980\"><p data-start=\"912\" data-end=\"980\"><strong data-start=\"912\" data-end=\"921\">Sklep<\/strong> \u2013 serwis internetowy dost\u0119pny pod adresem <a class=\"\" href=\"https:\/\/cuplife.menoiastudio.com\" target=\"_new\" rel=\"noopener\" data-start=\"964\" data-end=\"978\">www.cuplife.pl<\/a><\/p><\/li><li data-start=\"981\" data-end=\"1085\"><p data-start=\"983\" data-end=\"1085\"><strong data-start=\"983\" data-end=\"997\">Sprzedawca<\/strong> \u2013 CupLife Mateusz Cie\u015bla, prowadz\u0105cy dzia\u0142alno\u015b\u0107 gospodarcz\u0105 zgodnie z prawem polskim<\/p><\/li><li data-start=\"1086\" data-end=\"1177\"><p data-start=\"1088\" data-end=\"1177\"><strong data-start=\"1088\" data-end=\"1098\">Klient<\/strong> \u2013 ka\u017cda osoba fizyczna, prawna lub jednostka organizacyjna dokonuj\u0105ca zakupu<\/p><\/li><li data-start=\"1178\" data-end=\"1272\"><p data-start=\"1180\" data-end=\"1272\"><strong data-start=\"1180\" data-end=\"1193\">Konsument<\/strong> \u2013 osoba fizyczna dokonuj\u0105ca zakupu niezwi\u0105zanego z dzia\u0142alno\u015bci\u0105 gospodarcz\u0105<\/p><\/li><li data-start=\"1273\" data-end=\"1326\"><p data-start=\"1275\" data-end=\"1326\"><strong data-start=\"1275\" data-end=\"1284\">Towar<\/strong> \u2013 produkty fizyczne oferowane w Sklepie<\/p><\/li><li data-start=\"1327\" data-end=\"1410\"><p data-start=\"1329\" data-end=\"1410\"><strong data-start=\"1329\" data-end=\"1355\">Po\u015brednictwo sprzeda\u017cy<\/strong> \u2013 realizacja zam\u00f3wienia przez zewn\u0119trznych Dostawc\u00f3w<\/p><\/li><li data-start=\"1411\" data-end=\"1486\"><p data-start=\"1413\" data-end=\"1486\"><strong data-start=\"1413\" data-end=\"1425\">Dostawca<\/strong> \u2013 podmiot zewn\u0119trzny, realizuj\u0105cy fizyczn\u0105 wysy\u0142k\u0119 towar\u00f3w<\/p><\/li><\/ul><hr data-start=\"1488\" data-end=\"1491\" \/><h3 data-start=\"1493\" data-end=\"1544\">III. Warunki techniczne korzystania ze Sklepu<\/h3><p data-start=\"1546\" data-end=\"1583\">Do korzystania ze Sklepu wymagane s\u0105:<\/p><ul data-start=\"1584\" data-end=\"1680\"><li data-start=\"1584\" data-end=\"1607\"><p data-start=\"1586\" data-end=\"1607\">dost\u0119p do Internetu<\/p><\/li><li data-start=\"1608\" data-end=\"1655\"><p data-start=\"1610\" data-end=\"1655\">przegl\u0105darka z obs\u0142ug\u0105 JavaScript i cookies<\/p><\/li><li data-start=\"1656\" data-end=\"1680\"><p data-start=\"1658\" data-end=\"1680\">aktywny adres e-mail<\/p><\/li><\/ul><p data-start=\"1682\" data-end=\"1759\">Klient zobowi\u0105zuje si\u0119 nie podejmowa\u0107 dzia\u0142a\u0144 zak\u0142\u00f3caj\u0105cych dzia\u0142anie Sklepu.<\/p><hr data-start=\"1761\" data-end=\"1764\" \/><h3 data-start=\"1766\" data-end=\"1813\">IV. Zakres i charakter \u015bwiadczonych us\u0142ug<\/h3><p data-start=\"1815\" data-end=\"2039\">Sprzedawca prowadzi sprzeda\u017c towar\u00f3w przez Internet.<br data-start=\"1867\" data-end=\"1870\" \/>Niekt\u00f3re towary dostarczane s\u0105 przez Dostawc\u00f3w, z kt\u00f3rymi Sprzedawca wsp\u00f3\u0142pracuje.<br data-start=\"1952\" data-end=\"1955\" \/>Umowa zawierana jest mi\u0119dzy Klientem a Sprzedawc\u0105, kt\u00f3ry odpowiada za jej wykonanie.<\/p><hr data-start=\"2041\" data-end=\"2044\" \/><h3 data-start=\"2046\" data-end=\"2073\">V. Sk\u0142adanie zam\u00f3wie\u0144<\/h3><p data-start=\"2075\" data-end=\"2366\">Zam\u00f3wienia mo\u017cna sk\u0142ada\u0107 24\/7 poprzez stron\u0119 <a class=\"\" href=\"https:\/\/cuplife.menoiastudio.com\" target=\"_new\" rel=\"noopener\" data-start=\"2120\" data-end=\"2134\">www.cuplife.pl<\/a><br data-start=\"2134\" data-end=\"2137\" \/>Klient mo\u017ce kupowa\u0107 jako go\u015b\u0107 lub po za\u0142o\u017ceniu konta.<br data-start=\"2190\" data-end=\"2193\" \/>Umowa zawierana jest z chwil\u0105 otrzymania przez Klienta potwierdzenia zam\u00f3wienia.<br data-start=\"2273\" data-end=\"2276\" \/>Klient zobowi\u0105zuje si\u0119 do podania prawdziwych danych niezb\u0119dnych do realizacji zam\u00f3wienia.<\/p><hr data-start=\"2368\" data-end=\"2371\" \/><h3 data-start=\"2373\" data-end=\"2405\">VI. Ceny i formy p\u0142atno\u015bci<\/h3><p data-start=\"2407\" data-end=\"2569\">Wszystkie ceny wyra\u017cone s\u0105 w PLN i zawieraj\u0105 VAT.<br data-start=\"2456\" data-end=\"2459\" \/>Do ceny towaru doliczany jest koszt dostawy \u2013 widoczny przy sk\u0142adaniu zam\u00f3wienia.<br data-start=\"2540\" data-end=\"2543\" \/>Dost\u0119pne metody p\u0142atno\u015bci:<\/p><ul data-start=\"2570\" data-end=\"2687\"><li data-start=\"2570\" data-end=\"2589\"><p data-start=\"2572\" data-end=\"2589\">przelew bankowy<\/p><\/li><li data-start=\"2590\" data-end=\"2640\"><p data-start=\"2592\" data-end=\"2640\">p\u0142atno\u015bci online (BLIK, karta, szybki przelew)<\/p><\/li><li data-start=\"2641\" data-end=\"2687\"><p data-start=\"2643\" data-end=\"2687\">inne systemy widoczne na etapie zam\u00f3wienia<\/p><\/li><\/ul><hr data-start=\"2689\" data-end=\"2692\" \/><h3 data-start=\"2694\" data-end=\"2725\">VII. Realizacja i dostawa<\/h3><p data-start=\"2727\" data-end=\"2947\">Czas realizacji: 3\u201314 dni roboczych.<br data-start=\"2763\" data-end=\"2766\" \/>W przypadku braku towaru \u2013 Klient zostanie poinformowany.<br data-start=\"2823\" data-end=\"2826\" \/>Maksymalny czas realizacji to 30 dni.<br data-start=\"2863\" data-end=\"2866\" \/>Towar wysy\u0142any jest na adres wskazany przez Klienta \u2013 firm\u0105 kuriersk\u0105 lub poczt\u0105.<\/p><hr data-start=\"2949\" data-end=\"2952\" \/><h3 data-start=\"2954\" data-end=\"2986\">VIII. Odst\u0105pienie od umowy<\/h3><p data-start=\"2988\" data-end=\"3339\">Konsument ma prawo odst\u0105pi\u0107 od umowy w ci\u0105gu 14 dni od odbioru towaru.<br data-start=\"3058\" data-end=\"3061\" \/>Aby skorzysta\u0107 z prawa \u2013 nale\u017cy z\u0142o\u017cy\u0107 o\u015bwiadczenie i zwr\u00f3ci\u0107 towar na wskazany adres.<br data-start=\"3147\" data-end=\"3150\" \/>Zwrot \u015brodk\u00f3w nast\u0119puje w ci\u0105gu 14 dni od przyj\u0119cia zwrotu.<br data-start=\"3209\" data-end=\"3212\" \/>Koszt zwrotu pokrywa Klient.<br data-start=\"3240\" data-end=\"3243\" \/>Prawo nie przys\u0142uguje m.in. przy produktach personalizowanych lub higienicznych po rozpakowaniu.<\/p><hr data-start=\"3341\" data-end=\"3344\" \/><h3 data-start=\"3346\" data-end=\"3366\">IX. Reklamacje<\/h3><p data-start=\"3368\" data-end=\"3643\">Sprzedawca odpowiada za zgodno\u015b\u0107 towaru z umow\u0105.<br data-start=\"3416\" data-end=\"3419\" \/>Reklamacje mo\u017cna zg\u0142asza\u0107 na: <strong data-start=\"3449\" data-end=\"3471\"><a class=\"cursor-pointer\" rel=\"noopener\" data-start=\"3451\" data-end=\"3469\">kontakt@cuplife.pl<\/a><\/strong><br data-start=\"3471\" data-end=\"3474\" \/>Nale\u017cy poda\u0107 dane kontaktowe, nr zam\u00f3wienia, opis problemu i za\u0142\u0105czy\u0107 dokumentacj\u0119 (np. zdj\u0119cia).<br data-start=\"3571\" data-end=\"3574\" \/>Sprzedawca rozpatruje reklamacj\u0119 w terminie do 14 dni kalendarzowych.<\/p><hr data-start=\"3645\" data-end=\"3648\" \/><h3 data-start=\"3650\" data-end=\"3676\">X. Konto u\u017cytkownika<\/h3><p data-start=\"3678\" data-end=\"3706\">Za\u0142o\u017cenie konta umo\u017cliwia:<\/p><ul data-start=\"3707\" data-end=\"3792\"><li data-start=\"3707\" data-end=\"3737\"><p data-start=\"3709\" data-end=\"3737\">przegl\u0105d historii zam\u00f3wie\u0144<\/p><\/li><li data-start=\"3738\" data-end=\"3761\"><p data-start=\"3740\" data-end=\"3761\">aktualizacj\u0119 danych<\/p><\/li><li data-start=\"3762\" data-end=\"3792\"><p data-start=\"3764\" data-end=\"3792\">szybsze sk\u0142adanie zam\u00f3wie\u0144<\/p><\/li><\/ul><p data-start=\"3794\" data-end=\"3907\">Usuni\u0119cie konta mo\u017cliwe na \u017c\u0105danie Klienta.<br data-start=\"3837\" data-end=\"3840\" \/>Sprzedawca mo\u017ce zablokowa\u0107 konto w przypadku naruszenia regulaminu.<\/p><hr data-start=\"3909\" data-end=\"3912\" \/><h3 data-start=\"3914\" data-end=\"3948\">XI. Opinie i tre\u015bci Klient\u00f3w<\/h3><p data-start=\"3950\" data-end=\"4152\">Opinie mog\u0105 by\u0107 publikowane tylko przez osoby, kt\u00f3re kupi\u0142y produkt.<br data-start=\"4018\" data-end=\"4021\" \/>Opinie nie mog\u0105 zawiera\u0107 tre\u015bci obra\u017aliwych, wulgarnych lub nieprawdziwych.<br data-start=\"4096\" data-end=\"4099\" \/>Sprzedawca zastrzega sobie prawo do moderacji opinii.<\/p><hr data-start=\"4154\" data-end=\"4157\" \/><h3 data-start=\"4159\" data-end=\"4194\">XII. Ochrona danych osobowych<\/h3><p data-start=\"4196\" data-end=\"4464\">Administratorem danych osobowych jest <strong data-start=\"4234\" data-end=\"4260\">CupLife Mateusz Cie\u015bla<\/strong>.<br data-start=\"4261\" data-end=\"4264\" \/>Dane przetwarzane s\u0105 w celu realizacji zam\u00f3wie\u0144 i dzia\u0142a\u0144 marketingowych (po wyra\u017ceniu zgody).<br data-start=\"4358\" data-end=\"4361\" \/>Dane mog\u0105 by\u0107 przekazywane partnerom w zakresie niezb\u0119dnym do realizacji umowy.<br data-start=\"4440\" data-end=\"4443\" \/>Klient ma prawo do:<\/p><ul data-start=\"4465\" data-end=\"4603\"><li data-start=\"4465\" data-end=\"4506\"><p data-start=\"4467\" data-end=\"4506\">wgl\u0105du, poprawiania, usuni\u0119cia danych<\/p><\/li><li data-start=\"4507\" data-end=\"4537\"><p data-start=\"4509\" data-end=\"4537\">ograniczenia przetwarzania<\/p><\/li><li data-start=\"4538\" data-end=\"4561\"><p data-start=\"4540\" data-end=\"4561\">przenoszenia danych<\/p><\/li><li data-start=\"4562\" data-end=\"4586\"><p data-start=\"4564\" data-end=\"4586\">wniesienia sprzeciwu<\/p><\/li><li data-start=\"4587\" data-end=\"4603\"><p data-start=\"4589\" data-end=\"4603\">skargi do UODO<\/p><\/li><\/ul><hr data-start=\"4605\" data-end=\"4608\" \/><h3 data-start=\"4610\" data-end=\"4638\">XIII. Odpowiedzialno\u015b\u0107<\/h3><p data-start=\"4640\" data-end=\"4709\">Sprzedawca nie ponosi odpowiedzialno\u015bci za op\u00f3\u017anienia wynikaj\u0105ce z:<\/p><ul data-start=\"4710\" data-end=\"4786\"><li data-start=\"4710\" data-end=\"4736\"><p data-start=\"4712\" data-end=\"4736\">dzia\u0142ania si\u0142y wy\u017cszej<\/p><\/li><li data-start=\"4737\" data-end=\"4764\"><p data-start=\"4739\" data-end=\"4764\">b\u0142\u0119dnych danych Klienta<\/p><\/li><li data-start=\"4765\" data-end=\"4786\"><p data-start=\"4767\" data-end=\"4786\">op\u00f3\u017anie\u0144 kurier\u00f3w<\/p><\/li><\/ul><p data-start=\"4788\" data-end=\"4864\">Reklamacje dot. przesy\u0142ek nale\u017cy zg\u0142asza\u0107 zgodnie z regulaminem przewo\u017anika.<\/p><hr data-start=\"4866\" data-end=\"4869\" \/><h3 data-start=\"4871\" data-end=\"4903\">XIV. Postanowienia ko\u0144cowe<\/h3><p data-start=\"4905\" data-end=\"5171\">Sprzedawca zastrzega sobie prawo do zmian regulaminu z wa\u017cnych przyczyn (np. zmiany prawa, rozszerzenie oferty).<br data-start=\"5017\" data-end=\"5020\" \/>Klienci zostan\u0105 poinformowani o zmianach z 14-dniowym wyprzedzeniem.<br data-start=\"5088\" data-end=\"5091\" \/>W sprawach nieuregulowanych zastosowanie maj\u0105 przepisy prawa polskiego, w tym:<\/p><ul data-start=\"5172\" data-end=\"5282\"><li data-start=\"5172\" data-end=\"5203\"><p data-start=\"5174\" data-end=\"5203\">ustawa o prawach konsumenta<\/p><\/li><li data-start=\"5204\" data-end=\"5254\"><p data-start=\"5206\" data-end=\"5254\">ustawa o \u015bwiadczeniu us\u0142ug drog\u0105 elektroniczn\u0105<\/p><\/li><li data-start=\"5255\" data-end=\"5263\"><p data-start=\"5257\" data-end=\"5263\">RODO<\/p><\/li><li data-start=\"5264\" data-end=\"5282\"><p data-start=\"5266\" data-end=\"5282\">Kodeks cywilny<\/p><\/li><\/ul>\t\t\t\t\t\t\t\t<\/div>\n\t\t\t\t<\/div>\n\t\t\t\t\t<\/div>\n\t\t\t\t<\/div>\n\t\t\t\t<\/div>\n\t\t","protected":false},"excerpt":{"rendered":"<p>Regulamin \u015bwiadczenia us\u0142ug i sprzeda\u017cy w sklepie internetowym www.cuplife.pl I. Informacje og\u00f3lne Niniejszy regulamin okre\u015bla zasady korzystania z serwisu www.cuplife.pl oraz zawierania um\u00f3w sprzeda\u017cy za po\u015brednictwem sklepu internetowego.W\u0142a\u015bcicielem sklepu jest firma CupLife Mateusz Cie\u015bla, z siedzib\u0105 przy Wola Nieszkowska 116, 32-700 Wola Nieszkowska, NIP: 8681986809, e-mail: kontakt@cuplife.pl.Klient zobowi\u0105zany jest do zapoznania si\u0119 z regulaminem przed [&hellip;]<\/p>\n","protected":false},"author":1,"featured_media":0,"parent":0,"menu_order":0,"comment_status":"closed","ping_status":"closed","template":"","meta":{"ocean_post_layout":"","ocean_both_sidebars_style":"","ocean_both_sidebars_content_width":0,"ocean_both_sidebars_sidebars_width":0,"ocean_sidebar":"","ocean_second_sidebar":"","ocean_disable_margins":"enable","ocean_add_body_class":"","ocean_shortcode_before_top_bar":"","ocean_shortcode_after_top_bar":"","ocean_shortcode_before_header":"","ocean_shortcode_after_header":"","ocean_has_shortcode":"","ocean_shortcode_after_title":"","ocean_shortcode_before_footer_widgets":"","ocean_shortcode_after_footer_widgets":"","ocean_shortcode_before_footer_bottom":"","ocean_shortcode_after_footer_bottom":"","ocean_display_top_bar":"default","ocean_display_header":"default","ocean_header_style":"","ocean_center_header_left_menu":"","ocean_custom_header_template":"","ocean_custom_logo":0,"ocean_custom_retina_logo":0,"ocean_custom_logo_max_width":0,"ocean_custom_logo_tablet_max_width":0,"ocean_custom_logo_mobile_max_width":0,"ocean_custom_logo_max_height":0,"ocean_custom_logo_tablet_max_height":0,"ocean_custom_logo_mobile_max_height":0,"ocean_header_custom_menu":"","ocean_menu_typo_font_family":"","ocean_menu_typo_font_subset":"","ocean_menu_typo_font_size":0,"ocean_menu_typo_font_size_tablet":0,"ocean_menu_typo_font_size_mobile":0,"ocean_menu_typo_font_size_unit":"px","ocean_menu_typo_font_weight":"","ocean_menu_typo_font_weight_tablet":"","ocean_menu_typo_font_weight_mobile":"","ocean_menu_typo_transform":"","ocean_menu_typo_transform_tablet":"","ocean_menu_typo_transform_mobile":"","ocean_menu_typo_line_height":0,"ocean_menu_typo_line_height_tablet":0,"ocean_menu_typo_line_height_mobile":0,"ocean_menu_typo_line_height_unit":"","ocean_menu_typo_spacing":0,"ocean_menu_typo_spacing_tablet":0,"ocean_menu_typo_spacing_mobile":0,"ocean_menu_typo_spacing_unit":"","ocean_menu_link_color":"","ocean_menu_link_color_hover":"","ocean_menu_link_color_active":"","ocean_menu_link_background":"","ocean_menu_link_hover_background":"","ocean_menu_link_active_background":"","ocean_menu_social_links_bg":"","ocean_menu_social_hover_links_bg":"","ocean_menu_social_links_color":"","ocean_menu_social_hover_links_color":"","ocean_disable_title":"on","ocean_disable_heading":"default","ocean_post_title":"","ocean_post_subheading":"","ocean_post_title_style":"","ocean_post_title_background_color":"","ocean_post_title_background":0,"ocean_post_title_bg_image_position":"","ocean_post_title_bg_image_attachment":"","ocean_post_title_bg_image_repeat":"","ocean_post_title_bg_image_size":"","ocean_post_title_height":0,"ocean_post_title_bg_overlay":0.5,"ocean_post_title_bg_overlay_color":"","ocean_disable_breadcrumbs":"default","ocean_breadcrumbs_color":"","ocean_breadcrumbs_separator_color":"","ocean_breadcrumbs_links_color":"","ocean_breadcrumbs_links_hover_color":"","ocean_display_footer_widgets":"default","ocean_display_footer_bottom":"default","ocean_custom_footer_template":"","footnotes":""},"class_list":["post-75","page","type-page","status-publish","hentry","entry","owp-thumbs-layout-horizontal","owp-btn-normal","owp-tabs-layout-horizontal","has-no-thumbnails","has-product-nav"],"jetpack_sharing_enabled":true,"_links":{"self":[{"href":"https:\/\/cuplife.menoiastudio.com\/index.php\/wp-json\/wp\/v2\/pages\/75","targetHints":{"allow":["GET"]}}],"collection":[{"href":"https:\/\/cuplife.menoiastudio.com\/index.php\/wp-json\/wp\/v2\/pages"}],"about":[{"href":"https:\/\/cuplife.menoiastudio.com\/index.php\/wp-json\/wp\/v2\/types\/page"}],"author":[{"embeddable":true,"href":"https:\/\/cuplife.menoiastudio.com\/index.php\/wp-json\/wp\/v2\/users\/1"}],"replies":[{"embeddable":true,"href":"https:\/\/cuplife.menoiastudio.com\/index.php\/wp-json\/wp\/v2\/comments?post=75"}],"version-history":[{"count":4,"href":"https:\/\/cuplife.menoiastudio.com\/index.php\/wp-json\/wp\/v2\/pages\/75\/revisions"}],"predecessor-version":[{"id":217,"href":"https:\/\/cuplife.menoiastudio.com\/index.php\/wp-json\/wp\/v2\/pages\/75\/revisions\/217"}],"wp:attachment":[{"href":"https:\/\/cuplife.menoiastudio.com\/index.php\/wp-json\/wp\/v2\/media?parent=75"}],"curies":[{"name":"wp","href":"https:\/\/api.w.org\/{rel}","templated":true}]}}