{"id":73,"date":"2025-05-20T11:27:14","date_gmt":"2025-05-20T09:27:14","guid":{"rendered":"http:\/\/cuplife.pl\/?page_id=73"},"modified":"2025-05-23T12:49:34","modified_gmt":"2025-05-23T10:49:34","slug":"polityka-prywatnosci-2","status":"publish","type":"page","link":"https:\/\/cuplife.menoiastudio.com\/index.php\/polityka-prywatnosci-2\/","title":{"rendered":"Polityka prywatno\u015bci"},"content":{"rendered":"\t\t<div data-elementor-type=\"wp-page\" data-elementor-id=\"73\" class=\"elementor elementor-73\" data-elementor-post-type=\"page\">\n\t\t\t\t<div class=\"elementor-element elementor-element-beeb439 e-flex e-con-boxed e-con e-parent\" data-id=\"beeb439\" data-element_type=\"container\" data-e-type=\"container\">\n\t\t\t\t\t<div class=\"e-con-inner\">\n\t\t\t\t<div class=\"elementor-element elementor-element-d5a3373 elementor-widget elementor-widget-text-editor\" data-id=\"d5a3373\" data-element_type=\"widget\" data-e-type=\"widget\" data-widget_type=\"text-editor.default\">\n\t\t\t\t<div class=\"elementor-widget-container\">\n\t\t\t\t\t\t\t\t\t<h3 data-start=\"144\" data-end=\"204\">Polityka prywatno\u015bci sklepu internetowego <a class=\"\" href=\"https:\/\/cuplife.menoiastudio.com\" target=\"_new\" rel=\"noopener\" data-start=\"190\" data-end=\"204\">www.cuplife.pl<\/a><\/h3><h4 data-start=\"206\" data-end=\"231\">1. Informacje og\u00f3lne<\/h4><p data-start=\"233\" data-end=\"545\">Niniejszy dokument okre\u015bla zasady przetwarzania danych osobowych przez firm\u0119 <strong data-start=\"310\" data-end=\"336\">CupLife Mateusz Cie\u015bla<\/strong>, z siedzib\u0105 przy <strong data-start=\"354\" data-end=\"403\">Wola Nieszkowska 116, 32-700 Wola Nieszkowska<\/strong>, NIP: <strong data-start=\"410\" data-end=\"424\">8681986809<\/strong> (dalej jako: <strong data-start=\"438\" data-end=\"455\">Administrator<\/strong>), w zwi\u0105zku z korzystaniem ze sklepu internetowego <strong data-start=\"507\" data-end=\"525\"><a class=\"\" href=\"https:\/\/cuplife.menoiastudio.com\" target=\"_new\" rel=\"noopener\" data-start=\"509\" data-end=\"523\">www.cuplife.pl<\/a><\/strong> (dalej: <strong data-start=\"534\" data-end=\"543\">Sklep<\/strong>).<\/p><p data-start=\"547\" data-end=\"762\">Administrator dok\u0142ada wszelkich stara\u0144, aby przetwarzanie danych osobowych odbywa\u0142o si\u0119 w spos\u00f3b zgodny z obowi\u0105zuj\u0105cym prawem, w szczeg\u00f3lno\u015bci z Rozporz\u0105dzeniem Parlamentu Europejskiego i Rady (UE) 2016\/679 (RODO).<\/p><h4 data-start=\"764\" data-end=\"802\">2. Administrator danych osobowych<\/h4><p data-start=\"804\" data-end=\"889\">Administratorem danych osobowych u\u017cytkownik\u00f3w Sklepu jest <strong data-start=\"862\" data-end=\"888\">CupLife Mateusz Cie\u015bla<\/strong>.<\/p><p data-start=\"891\" data-end=\"938\">Kontakt z Administratorem mo\u017cliwy jest poprzez:<\/p><ul data-start=\"940\" data-end=\"1042\"><li data-start=\"940\" data-end=\"970\"><p data-start=\"942\" data-end=\"970\">e-mail: <a class=\"cursor-pointer\" rel=\"noopener\" data-start=\"950\" data-end=\"968\">kontakt@cuplife.pl<\/a><\/p><\/li><li data-start=\"971\" data-end=\"1042\"><p data-start=\"973\" data-end=\"1042\">adres korespondencyjny: Wola Nieszkowska 116, 32-700 Wola Nieszkowska<\/p><\/li><\/ul><h4 data-start=\"1044\" data-end=\"1095\">3. Cele i podstawy prawne przetwarzania danych<\/h4><p data-start=\"1097\" data-end=\"1149\">Dane osobowe s\u0105 przetwarzane w nast\u0119puj\u0105cych celach:<\/p><p data-start=\"1151\" data-end=\"1564\">a) Zawarcie i realizacja umowy sprzeda\u017cy \u2013 art. 6 ust. 1 lit. b RODO<br data-start=\"1219\" data-end=\"1222\" \/>b) Realizacja obowi\u0105zk\u00f3w podatkowych i rachunkowych \u2013 art. 6 ust. 1 lit. c RODO<br data-start=\"1301\" data-end=\"1304\" \/>c) Obs\u0142uga zg\u0142osze\u0144, reklamacji, zwrot\u00f3w \u2013 art. 6 ust. 1 lit. b i c RODO<br data-start=\"1376\" data-end=\"1379\" \/>d) Prowadzenie konta klienta \u2013 art. 6 ust. 1 lit. b RODO<br data-start=\"1435\" data-end=\"1438\" \/>e) Marketing w\u0142asnych produkt\u00f3w i us\u0142ug \u2013 art. 6 ust. 1 lit. f lub a RODO<br data-start=\"1511\" data-end=\"1514\" \/>f) Wysy\u0142ka newslettera \u2013 art. 6 ust. 1 lit. a RODO<\/p><h4 data-start=\"1566\" data-end=\"1603\">4. Rodzaje przetwarzanych danych<\/h4><p data-start=\"1605\" data-end=\"1671\">W ramach korzystania ze Sklepu mog\u0105 by\u0107 przetwarzane dane osobowe:<\/p><ul data-start=\"1673\" data-end=\"1864\"><li data-start=\"1673\" data-end=\"1692\"><p data-start=\"1675\" data-end=\"1692\">imi\u0119 i nazwisko<\/p><\/li><li data-start=\"1693\" data-end=\"1719\"><p data-start=\"1695\" data-end=\"1719\">adres dostawy i e-mail<\/p><\/li><li data-start=\"1720\" data-end=\"1738\"><p data-start=\"1722\" data-end=\"1738\">numer telefonu<\/p><\/li><li data-start=\"1739\" data-end=\"1789\"><p data-start=\"1741\" data-end=\"1789\">dane do faktury (je\u015bli inne ni\u017c adres dostawy)<\/p><\/li><li data-start=\"1790\" data-end=\"1821\"><p data-start=\"1792\" data-end=\"1821\">historia zakup\u00f3w i kontaktu<\/p><\/li><li data-start=\"1822\" data-end=\"1864\"><p data-start=\"1824\" data-end=\"1864\">adres IP i dane o przegl\u0105darce (cookies)<\/p><\/li><\/ul><h4 data-start=\"1866\" data-end=\"1889\">5. Odbiorcy danych<\/h4><p data-start=\"1891\" data-end=\"1918\">Dane mog\u0105 by\u0107 udost\u0119pniane:<\/p><ul data-start=\"1920\" data-end=\"2100\"><li data-start=\"1920\" data-end=\"1956\"><p data-start=\"1922\" data-end=\"1956\">firmom dostarczaj\u0105cym zam\u00f3wienia<\/p><\/li><li data-start=\"1957\" data-end=\"2012\"><p data-start=\"1959\" data-end=\"2012\">operatorom p\u0142atno\u015bci (np. Przelewy24, PayU, Stripe)<\/p><\/li><li data-start=\"2013\" data-end=\"2055\"><p data-start=\"2015\" data-end=\"2055\">biuru rachunkowemu, kancelarii prawnej<\/p><\/li><li data-start=\"2056\" data-end=\"2100\"><p data-start=\"2058\" data-end=\"2100\">firmom hostingowym i IT obs\u0142uguj\u0105cym Sklep<\/p><\/li><\/ul><p data-start=\"2102\" data-end=\"2239\">Wszystkie podmioty przetwarzaj\u0105 dane na podstawie um\u00f3w powierzenia lub jako niezale\u017cni administratorzy (np. banki, operatorzy p\u0142atno\u015bci).<\/p><h4 data-start=\"2241\" data-end=\"2278\">6. Przekazywanie danych poza EOG<\/h4><p data-start=\"2280\" data-end=\"2497\">Co do zasady dane nie s\u0105 przekazywane poza EOG. Je\u015bli korzystanie z us\u0142ug (np. Google, Meta) wymaga transferu danych, odbywa si\u0119 on zgodnie z RODO \u2013 na podstawie standardowych klauzul umownych lub innych zabezpiecze\u0144.<\/p><h4 data-start=\"2499\" data-end=\"2534\">7. Okres przechowywania danych<\/h4><p data-start=\"2536\" data-end=\"2569\">Dane s\u0105 przetwarzane przez okres:<\/p><ul data-start=\"2571\" data-end=\"2789\"><li data-start=\"2571\" data-end=\"2634\"><p data-start=\"2573\" data-end=\"2634\">trwania umowy i do czasu przedawnienia roszcze\u0144 (max 6 lat)<\/p><\/li><li data-start=\"2635\" data-end=\"2696\"><p data-start=\"2637\" data-end=\"2696\">wymagany przepisami podatkowymi i ksi\u0119gowymi (min. 5 lat)<\/p><\/li><li data-start=\"2697\" data-end=\"2789\"><p data-start=\"2699\" data-end=\"2789\">do czasu cofni\u0119cia zgody lub wniesienia sprzeciwu (w zale\u017cno\u015bci od podstawy przetwarzania)<\/p><\/li><\/ul><h4 data-start=\"2791\" data-end=\"2831\">8. Prawa osoby, kt\u00f3rej dane dotycz\u0105<\/h4><p data-start=\"2833\" data-end=\"2857\">Ka\u017cda osoba ma prawo do:<\/p><ul data-start=\"2859\" data-end=\"3079\"><li data-start=\"2859\" data-end=\"2888\"><p data-start=\"2861\" data-end=\"2888\">dost\u0119pu do danych i kopii<\/p><\/li><li data-start=\"2889\" data-end=\"2911\"><p data-start=\"2891\" data-end=\"2911\">poprawienia danych<\/p><\/li><li data-start=\"2912\" data-end=\"2954\"><p data-start=\"2914\" data-end=\"2954\">usuni\u0119cia danych (\u201ebycie zapomnianym\u201d)<\/p><\/li><li data-start=\"2955\" data-end=\"2985\"><p data-start=\"2957\" data-end=\"2985\">ograniczenia przetwarzania<\/p><\/li><li data-start=\"2986\" data-end=\"3009\"><p data-start=\"2988\" data-end=\"3009\">przenoszenia danych<\/p><\/li><li data-start=\"3010\" data-end=\"3034\"><p data-start=\"3012\" data-end=\"3034\">wniesienia sprzeciwu<\/p><\/li><li data-start=\"3035\" data-end=\"3054\"><p data-start=\"3037\" data-end=\"3054\">cofni\u0119cia zgody<\/p><\/li><li data-start=\"3055\" data-end=\"3079\"><p data-start=\"3057\" data-end=\"3079\">skargi do Prezesa UODO<\/p><\/li><\/ul><h4 data-start=\"3081\" data-end=\"3113\">9. Obowi\u0105zek podania danych<\/h4><p data-start=\"3115\" data-end=\"3209\">Podanie danych jest dobrowolne, lecz konieczne do realizacji zam\u00f3wienia lub \u015bwiadczenia us\u0142ug.<\/p><p data-start=\"3211\" data-end=\"3294\">Brak danych uniemo\u017cliwi realizacj\u0119 umowy lub skorzystanie z funkcjonalno\u015bci Sklepu.<\/p><h4 data-start=\"3296\" data-end=\"3336\">10. Zabezpieczenia i ochrona danych<\/h4><p data-start=\"3338\" data-end=\"3401\">Administrator stosuje \u015brodki organizacyjne i techniczne, w tym:<\/p><ul data-start=\"3403\" data-end=\"3506\"><li data-start=\"3403\" data-end=\"3435\"><p data-start=\"3405\" data-end=\"3435\">szyfrowanie transmisji (SSL)<\/p><\/li><li data-start=\"3436\" data-end=\"3466\"><p data-start=\"3438\" data-end=\"3466\">kontrol\u0119 dost\u0119pu do danych<\/p><\/li><li data-start=\"3467\" data-end=\"3506\"><p data-start=\"3469\" data-end=\"3506\">regularne aktualizacje oprogramowania<\/p><\/li><\/ul><p data-start=\"3508\" data-end=\"3624\">Dane nie s\u0105 przetwarzane w spos\u00f3b zautomatyzowany do podejmowania decyzji wywo\u0142uj\u0105cych skutki prawne (profilowanie).<\/p><h4 data-start=\"3626\" data-end=\"3671\">11. Pliki cookies i technologie \u015bledz\u0105ce<\/h4><p data-start=\"3673\" data-end=\"3709\">Sklep wykorzystuje cookies w celach:<\/p><ul data-start=\"3711\" data-end=\"3828\"><li data-start=\"3711\" data-end=\"3744\"><p data-start=\"3713\" data-end=\"3744\">prawid\u0142owego dzia\u0142ania strony<\/p><\/li><li data-start=\"3745\" data-end=\"3785\"><p data-start=\"3747\" data-end=\"3785\">analizy ruchu (np. Google Analytics)<\/p><\/li><li data-start=\"3786\" data-end=\"3828\"><p data-start=\"3788\" data-end=\"3828\">dzia\u0142a\u0144 marketingowych (np. remarketing)<\/p><\/li><\/ul>\t\t\t\t\t\t\t\t<\/div>\n\t\t\t\t<\/div>\n\t\t\t\t\t<\/div>\n\t\t\t\t<\/div>\n\t\t\t\t<\/div>\n\t\t","protected":false},"excerpt":{"rendered":"<p>Polityka prywatno\u015bci sklepu internetowego www.cuplife.pl 1. Informacje og\u00f3lne Niniejszy dokument okre\u015bla zasady przetwarzania danych osobowych przez firm\u0119 CupLife Mateusz Cie\u015bla, z siedzib\u0105 przy Wola Nieszkowska 116, 32-700 Wola Nieszkowska, NIP: 8681986809 (dalej jako: Administrator), w zwi\u0105zku z korzystaniem ze sklepu internetowego www.cuplife.pl (dalej: Sklep). Administrator dok\u0142ada wszelkich stara\u0144, aby przetwarzanie danych osobowych odbywa\u0142o si\u0119 w [&hellip;]<\/p>\n","protected":false},"author":1,"featured_media":0,"parent":0,"menu_order":0,"comment_status":"closed","ping_status":"closed","template":"","meta":{"ocean_post_layout":"","ocean_both_sidebars_style":"","ocean_both_sidebars_content_width":0,"ocean_both_sidebars_sidebars_width":0,"ocean_sidebar":"","ocean_second_sidebar":"","ocean_disable_margins":"enable","ocean_add_body_class":"","ocean_shortcode_before_top_bar":"","ocean_shortcode_after_top_bar":"","ocean_shortcode_before_header":"","ocean_shortcode_after_header":"","ocean_has_shortcode":"","ocean_shortcode_after_title":"","ocean_shortcode_before_footer_widgets":"","ocean_shortcode_after_footer_widgets":"","ocean_shortcode_before_footer_bottom":"","ocean_shortcode_after_footer_bottom":"","ocean_display_top_bar":"default","ocean_display_header":"default","ocean_header_style":"","ocean_center_header_left_menu":"","ocean_custom_header_template":"","ocean_custom_logo":0,"ocean_custom_retina_logo":0,"ocean_custom_logo_max_width":0,"ocean_custom_logo_tablet_max_width":0,"ocean_custom_logo_mobile_max_width":0,"ocean_custom_logo_max_height":0,"ocean_custom_logo_tablet_max_height":0,"ocean_custom_logo_mobile_max_height":0,"ocean_header_custom_menu":"","ocean_menu_typo_font_family":"","ocean_menu_typo_font_subset":"","ocean_menu_typo_font_size":0,"ocean_menu_typo_font_size_tablet":0,"ocean_menu_typo_font_size_mobile":0,"ocean_menu_typo_font_size_unit":"px","ocean_menu_typo_font_weight":"","ocean_menu_typo_font_weight_tablet":"","ocean_menu_typo_font_weight_mobile":"","ocean_menu_typo_transform":"","ocean_menu_typo_transform_tablet":"","ocean_menu_typo_transform_mobile":"","ocean_menu_typo_line_height":0,"ocean_menu_typo_line_height_tablet":0,"ocean_menu_typo_line_height_mobile":0,"ocean_menu_typo_line_height_unit":"","ocean_menu_typo_spacing":0,"ocean_menu_typo_spacing_tablet":0,"ocean_menu_typo_spacing_mobile":0,"ocean_menu_typo_spacing_unit":"","ocean_menu_link_color":"","ocean_menu_link_color_hover":"","ocean_menu_link_color_active":"","ocean_menu_link_background":"","ocean_menu_link_hover_background":"","ocean_menu_link_active_background":"","ocean_menu_social_links_bg":"","ocean_menu_social_hover_links_bg":"","ocean_menu_social_links_color":"","ocean_menu_social_hover_links_color":"","ocean_disable_title":"on","ocean_disable_heading":"default","ocean_post_title":"","ocean_post_subheading":"","ocean_post_title_style":"","ocean_post_title_background_color":"","ocean_post_title_background":0,"ocean_post_title_bg_image_position":"","ocean_post_title_bg_image_attachment":"","ocean_post_title_bg_image_repeat":"","ocean_post_title_bg_image_size":"","ocean_post_title_height":0,"ocean_post_title_bg_overlay":0.5,"ocean_post_title_bg_overlay_color":"","ocean_disable_breadcrumbs":"default","ocean_breadcrumbs_color":"","ocean_breadcrumbs_separator_color":"","ocean_breadcrumbs_links_color":"","ocean_breadcrumbs_links_hover_color":"","ocean_display_footer_widgets":"default","ocean_display_footer_bottom":"default","ocean_custom_footer_template":"","footnotes":""},"class_list":["post-73","page","type-page","status-publish","hentry","entry","owp-thumbs-layout-horizontal","owp-btn-normal","owp-tabs-layout-horizontal","has-no-thumbnails","has-product-nav"],"jetpack_sharing_enabled":true,"_links":{"self":[{"href":"https:\/\/cuplife.menoiastudio.com\/index.php\/wp-json\/wp\/v2\/pages\/73","targetHints":{"allow":["GET"]}}],"collection":[{"href":"https:\/\/cuplife.menoiastudio.com\/index.php\/wp-json\/wp\/v2\/pages"}],"about":[{"href":"https:\/\/cuplife.menoiastudio.com\/index.php\/wp-json\/wp\/v2\/types\/page"}],"author":[{"embeddable":true,"href":"https:\/\/cuplife.menoiastudio.com\/index.php\/wp-json\/wp\/v2\/users\/1"}],"replies":[{"embeddable":true,"href":"https:\/\/cuplife.menoiastudio.com\/index.php\/wp-json\/wp\/v2\/comments?post=73"}],"version-history":[{"count":4,"href":"https:\/\/cuplife.menoiastudio.com\/index.php\/wp-json\/wp\/v2\/pages\/73\/revisions"}],"predecessor-version":[{"id":214,"href":"https:\/\/cuplife.menoiastudio.com\/index.php\/wp-json\/wp\/v2\/pages\/73\/revisions\/214"}],"wp:attachment":[{"href":"https:\/\/cuplife.menoiastudio.com\/index.php\/wp-json\/wp\/v2\/media?parent=73"}],"curies":[{"name":"wp","href":"https:\/\/api.w.org\/{rel}","templated":true}]}}